{"id":1632,"date":"2021-12-06T10:10:29","date_gmt":"2021-12-06T09:10:29","guid":{"rendered":"https:\/\/inneremedizin-fachuebergreifend.de\/muenchen\/?page_id=1632"},"modified":"2026-03-20T08:14:20","modified_gmt":"2026-03-20T07:14:20","slug":"ueberblick","status":"publish","type":"page","link":"https:\/\/inneremedizin-fachuebergreifend.de\/muenchen\/ueberblick\/","title":{"rendered":"\u00dcberblick"},"content":{"rendered":"<p>[vc_row][vc_column][vc_column_text]<\/p>\n<h2>Das Wichtigste im \u00dcberblick<\/h2>\n<p>[\/vc_column_text][vc_separator border_width=&#8220;2&#8243;][\/vc_column][\/vc_row][vc_row][vc_column width=&#8220;1\/2&#8243;][vc_column_text]<\/p>\n<h2>Durchf\u00fchrung<\/h2>\n<p>Der Kongress findet von Freitag bis Samstag 26.-27.02.2027 ausschlie\u00dflich in Pr\u00e4senz in M\u00fcnchen statt.[\/vc_column_text][vc_separator border_width=&#8220;4&#8243;][vc_column_text css_animation=&#8220;zoomIn&#8220;]https:\/\/inneremedizin-fachuebergreifend.de\/muenchen\/anmeldung\/<\/p>\n<p>[\/vc_column_text][vc_separator border_width=&#8220;4&#8243;][vc_column_text]<\/p>\n<h2>Kongressgeb\u00fchren<\/h2>\n<p>Teilnahmegeb\u00fchren <a href=\"https:\/\/inneremedizin-fachuebergreifend.de\/muenchen\/anmeldung\/\" target=\"_blank\" rel=\"noopener\">finden Sie hier<\/a>.[\/vc_column_text][vc_separator border_width=&#8220;4&#8243;][vc_column_text]<\/p>\n<h2>Kongresszeiten<\/h2>\n<p>Am Freitag wird der Kongress um 8.40 Uhr durch die wissenschaftliche Leiterin Frau Professor Petra-Maria Schumm-Draeger er\u00f6ffnet. Am Samstag beginnt der Kongress um 08.30 Uhr.<\/p>\n<p>Am Freitag endet das Programm gegen 18.15 Uhr und am Samstag gegen 15.00 Uhr.[\/vc_column_text][vc_separator border_width=&#8220;4&#8243;][vc_column_text]<\/p>\n<h2>\u00dcbernachtung\/Hotel<\/h2>\n<p>Wir haben im Veranstaltungshotel ein Zimmerkontingent auf Selbstzahler-Basis f\u00fcr Sie reserviert.<\/p>\n<p>Hier der Abruflink <a href=\"https:\/\/www.ihg.com\/holidayinn\/hotels\/de\/de\/find-hotels\/select-roomrate?fromRedirect=true&amp;qSrt=sBR&amp;qIta=99801505&amp;icdv=99801505&amp;qSlH=MUCHB&amp;qRms=1&amp;qAdlt=1&amp;qChld=0&amp;qCiD=26&amp;qCiMy=012027&amp;qCoD=27&amp;qCoMy=012027&amp;qGrpCd=XQS&amp;setPMCookies=true&amp;qSHBrC=HI&amp;qDest=Hochstrasse%203,%20Munich,%20DE&amp;showApp=true&amp;adjustMonth=false&amp;srb_u=1&amp;qRmFltr=\" target=\"_blank\" rel=\"noopener\"><strong>IMF 2027<\/strong><\/a><\/p>\n<p>oder per QR-Code:<\/p>\n<p><img loading=\"lazy\" decoding=\"async\" class=\"lazyload alignnone wp-image-5073\" src=\"data:image\/gif;base64,R0lGODlhAQABAAAAACH5BAEKAAEALAAAAAABAAEAAAICTAEAOw==\" data-src=\"https:\/\/inneremedizin-fachuebergreifend.de\/muenchen\/wp-content\/uploads\/2026\/03\/QR_Code_Abrufkontingent-300x294.jpg\" alt=\"\" width=\"241\" height=\"236\" \/><\/p>\n<p>Alternativ k\u00f6nnen Sie auch direkt \u00fcber die Reservierungsabteilung die Zimmer buchen unter Nennung des <strong>Codes \u201eIMF 27<\/strong>\u201c.<\/p>\n<p>Die Kontaktdaten hierf\u00fcr sind:\u00a0<a href=\"mailto:reservation@himunich.com\">reservation@himunich.com<\/a> und per\u00a0Telefon: 0800 183 0518[\/vc_column_text][vc_separator border_width=&#8220;4&#8243;][vc_column_text]<\/p>\n<h2>Veranstaltungsort<\/h2>\n<p>Holiday Inn Munich-City Centre<\/p>\n<p>Hochstr. 3<br \/>\n81669 M\u00fcnchen<\/p>\n<p>Telefon: 089 48033333<\/p>\n<p><a href=\"http:\/\/www.holidayinn.com\/munich\">www.holidayinn.com\/munich<\/a><\/p>\n<p>&nbsp;<\/p>\n<p>[\/vc_column_text][vc_separator border_width=&#8220;4&#8243;][\/vc_column][vc_column width=&#8220;1\/2&#8243;][vc_column_text]<\/p>\n<h2>Zertifizierung<\/h2>\n<p>Wie in jedem Jahr wird der Kongress wieder bei der \u00c4rztekammer zur Zertifizierung eingereicht.<\/p>\n<p>Ebenso bei weiteren Verb\u00e4nden, n\u00e4heres <a href=\"https:\/\/inneremedizin-fachuebergreifend.de\/muenchen\/zertifizierung\/\">sehen Sie hier.<\/a><\/p>\n<p>F\u00fcr \u00c4rzte melden wir die Teilnahme direkt bei der zust\u00e4ndigen \u00c4rztekammer, wenn uns die EFN-Nummer vorliegt.<br \/>\nZus\u00e4tzlich erhalten alle Teilnehmenden nach der Veranstaltung per Email eine Teilnahmebescheinigung als Nachweis.[\/vc_column_text][\/vc_column][\/vc_row][vc_row disable_element=&#8220;yes&#8220;][vc_column width=&#8220;1\/2&#8243;][vc_column_text]<\/p>\n<h2>Durchf\u00fchrung<\/h2>\n<p>Der Kongress findet von Freitag bis Samstag 26.-27.02.2027 ausschlie\u00dflich in Pr\u00e4senz in M\u00fcnchen statt.[\/vc_column_text][vc_separator border_width=&#8220;4&#8243;][vc_column_text css_animation=&#8220;zoomIn&#8220;]https:\/\/inneremedizin-fachuebergreifend.de\/muenchen\/anmeldung\/[\/vc_column_text][vc_separator border_width=&#8220;4&#8243;][vc_column_text]<\/p>\n<h2>Kongressgeb\u00fchren<\/h2>\n<p>Teilnahmegeb\u00fchren <a href=\"https:\/\/inneremedizin-fachuebergreifend.de\/muenchen\/anmeldung\/\" target=\"_blank\" rel=\"noopener\">finden Sie hier<\/a>.[\/vc_column_text][vc_separator border_width=&#8220;4&#8243;][vc_column_text]<\/p>\n<h2>Kongresszeiten<\/h2>\n<p>Am Freitag wird der Kongress um 8.40 Uhr durch die wissenschaftliche Leiterin Frau Professor Petra-Maria Schumm-Draeger er\u00f6ffnet. Am Samstag beginnt der Kongress um 08.30 Uhr.<\/p>\n<p>Am Freitag endet das Programm gegen 18.15 Uhr und am Samstag gegen 15.00 Uhr.[\/vc_column_text][vc_separator border_width=&#8220;4&#8243;][vc_separator border_width=&#8220;4&#8243;][vc_column_text]<\/p>\n<h2>Veranstaltungsort<\/h2>\n<p>Holiday Inn Munich-City Centre<\/p>\n<p>Hochstr. 3<br \/>\n81669 M\u00fcnchen<\/p>\n<p>Telefon: 089 48033333<\/p>\n<p><a href=\"http:\/\/www.holidayinn.com\/munich\">www.holidayinn.com\/munich<\/a><\/p>\n<p>&nbsp;<\/p>\n<p>[\/vc_column_text][vc_separator border_width=&#8220;4&#8243;][\/vc_column][vc_column width=&#8220;1\/2&#8243;][vc_column_text]<\/p>\n<h2>Zertifizierung<\/h2>\n<p>Wie in jedem Jahr wird der Kongress wieder bei der \u00c4rztekammer zur Zertifizierung eingereicht.<\/p>\n<p>Ebenso bei weiteren Verb\u00e4nden, n\u00e4heres <a href=\"https:\/\/inneremedizin-fachuebergreifend.de\/muenchen\/zertifizierung\/\">sehen Sie hier.<\/a><\/p>\n<p>F\u00fcr \u00c4rzte melden wir die Teilnahme direkt bei der zust\u00e4ndigen \u00c4rztekammer, wenn uns die EFN-Nummer vorliegt.<br \/>\nZus\u00e4tzlich erhalten alle Teilnehmenden nach der Veranstaltung per Email eine Teilnahmebescheinigung als Nachweis.[\/vc_column_text][\/vc_column][\/vc_row]<\/p>\n","protected":false},"excerpt":{"rendered":"<p>[vc_row][vc_column][vc_column_text] Das Wichtigste im \u00dcberblick [\/vc_column_text][vc_separator border_width=&#8220;2&#8243;][\/vc_column][\/vc_row][vc_row][vc_column width=&#8220;1\/2&#8243;][vc_column_text] Durchf\u00fchrung Der Kongress findet von Freitag bis Samstag 26.-27.02.2027 ausschlie\u00dflich in Pr\u00e4senz in M\u00fcnchen statt.[\/vc_column_text][vc_separator border_width=&#8220;4&#8243;][vc_column_text css_animation=&#8220;zoomIn&#8220;]https:\/\/inneremedizin-fachuebergreifend.de\/muenchen\/anmeldung\/&hellip;<\/p>\n<p><a href=\"https:\/\/inneremedizin-fachuebergreifend.de\/muenchen\/ueberblick\/\" class=\"read-more-link\"><span class=\"read-more-icon\"><\/span>Read more<\/a><\/p>\n","protected":false},"author":2,"featured_media":0,"parent":0,"menu_order":0,"comment_status":"closed","ping_status":"closed","template":"","meta":{"footnotes":""},"class_list":["post-1632","page","type-page","status-publish","hentry"],"_links":{"self":[{"href":"https:\/\/inneremedizin-fachuebergreifend.de\/muenchen\/wp-json\/wp\/v2\/pages\/1632","targetHints":{"allow":["GET"]}}],"collection":[{"href":"https:\/\/inneremedizin-fachuebergreifend.de\/muenchen\/wp-json\/wp\/v2\/pages"}],"about":[{"href":"https:\/\/inneremedizin-fachuebergreifend.de\/muenchen\/wp-json\/wp\/v2\/types\/page"}],"author":[{"embeddable":true,"href":"https:\/\/inneremedizin-fachuebergreifend.de\/muenchen\/wp-json\/wp\/v2\/users\/2"}],"replies":[{"embeddable":true,"href":"https:\/\/inneremedizin-fachuebergreifend.de\/muenchen\/wp-json\/wp\/v2\/comments?post=1632"}],"version-history":[{"count":75,"href":"https:\/\/inneremedizin-fachuebergreifend.de\/muenchen\/wp-json\/wp\/v2\/pages\/1632\/revisions"}],"predecessor-version":[{"id":5077,"href":"https:\/\/inneremedizin-fachuebergreifend.de\/muenchen\/wp-json\/wp\/v2\/pages\/1632\/revisions\/5077"}],"wp:attachment":[{"href":"https:\/\/inneremedizin-fachuebergreifend.de\/muenchen\/wp-json\/wp\/v2\/media?parent=1632"}],"curies":[{"name":"wp","href":"https:\/\/api.w.org\/{rel}","templated":true}]}}