{"id":612,"date":"2019-04-04T17:11:31","date_gmt":"2019-04-04T15:11:31","guid":{"rendered":"https:\/\/inneremedizin-fachuebergreifend.de\/muenchen\/?page_id=612"},"modified":"2024-10-17T12:55:39","modified_gmt":"2024-10-17T10:55:39","slug":"wissenschaftliche-leitung","status":"publish","type":"page","link":"https:\/\/inneremedizin-fachuebergreifend.de\/muenchen\/wissenschaftliche-leitung\/","title":{"rendered":"Wissen&shy;schaft&shy;liche Leitung"},"content":{"rendered":"<p>[vc_row][vc_column width=&#8220;1\/3&#8243;][vc_empty_space height=&#8220;20px&#8220;][vc_single_image image=&#8220;3552&#8243; css=&#8220;.vc_custom_1669130123492{margin-top: 0px !important;margin-right: 0px !important;margin-bottom: 0px !important;margin-left: 0px !important;}&#8220;][\/vc_column][vc_column width=&#8220;2\/3&#8243;][vc_custom_heading text=&#8220;Prof. Dr. Petra-Maria Schumm-Draeger&#8220; text_additional=&#8220;M\u00fcnchen&#8220;][vc_column_text]\u00c4rztliche Direktorin Zentrum Innere Medizin F\u00fcnf H\u00f6fe M\u00fcnchen<br \/>\nPast Pr\u00e4sidentin Deutsche Gesellschaft Innere Medizin (DGIM) +<br \/>\nEuropean Federation of Internal Medicine<\/p>\n<p>&nbsp;<\/p>\n<p><a href=\"http:\/\/www.zim-fuenf-hoefe.de\/\" target=\"_blank\" rel=\"noopener noreferrer\"><em>Zentrum \/ Innere Medizin \/ F\u00fcnf H\u00f6fe<\/em><\/a><\/p>\n<p>Salvatorpassage<br \/>\nTheatinerstr. 15<br \/>\n80333 M\u00fcnchen[\/vc_column_text][\/vc_column][\/vc_row]<\/p>\n","protected":false},"excerpt":{"rendered":"<p>[vc_row][vc_column width=&#8220;1\/3&#8243;][vc_empty_space height=&#8220;20px&#8220;][vc_single_image image=&#8220;3552&#8243; css=&#8220;.vc_custom_1669130123492{margin-top: 0px !important;margin-right: 0px !important;margin-bottom: 0px !important;margin-left: 0px !important;}&#8220;][\/vc_column][vc_column width=&#8220;2\/3&#8243;][vc_custom_heading text=&#8220;Prof. Dr. Petra-Maria Schumm-Draeger&#8220; text_additional=&#8220;M\u00fcnchen&#8220;][vc_column_text]\u00c4rztliche Direktorin Zentrum Innere Medizin F\u00fcnf H\u00f6fe&hellip;<\/p>\n<p><a href=\"https:\/\/inneremedizin-fachuebergreifend.de\/muenchen\/wissenschaftliche-leitung\/\" class=\"read-more-link\"><span class=\"read-more-icon\"><\/span>Read more<\/a><\/p>\n","protected":false},"author":1,"featured_media":0,"parent":0,"menu_order":0,"comment_status":"closed","ping_status":"closed","template":"","meta":{"footnotes":""},"class_list":["post-612","page","type-page","status-publish","hentry"],"_links":{"self":[{"href":"https:\/\/inneremedizin-fachuebergreifend.de\/muenchen\/wp-json\/wp\/v2\/pages\/612","targetHints":{"allow":["GET"]}}],"collection":[{"href":"https:\/\/inneremedizin-fachuebergreifend.de\/muenchen\/wp-json\/wp\/v2\/pages"}],"about":[{"href":"https:\/\/inneremedizin-fachuebergreifend.de\/muenchen\/wp-json\/wp\/v2\/types\/page"}],"author":[{"embeddable":true,"href":"https:\/\/inneremedizin-fachuebergreifend.de\/muenchen\/wp-json\/wp\/v2\/users\/1"}],"replies":[{"embeddable":true,"href":"https:\/\/inneremedizin-fachuebergreifend.de\/muenchen\/wp-json\/wp\/v2\/comments?post=612"}],"version-history":[{"count":18,"href":"https:\/\/inneremedizin-fachuebergreifend.de\/muenchen\/wp-json\/wp\/v2\/pages\/612\/revisions"}],"predecessor-version":[{"id":4651,"href":"https:\/\/inneremedizin-fachuebergreifend.de\/muenchen\/wp-json\/wp\/v2\/pages\/612\/revisions\/4651"}],"wp:attachment":[{"href":"https:\/\/inneremedizin-fachuebergreifend.de\/muenchen\/wp-json\/wp\/v2\/media?parent=612"}],"curies":[{"name":"wp","href":"https:\/\/api.w.org\/{rel}","templated":true}]}}